e -194*d + 151*d + 684861 = 0. What is the thousands digit of d?
5
Suppose 0 = 5*s - y - 1191 - 1129, -5*y = -2*s + 905. What is the units digit of 0/(-4) + -6 + s?
9
Suppose -11*o + 28 = -16. What is the units digit of (91/(-4))/((-5)/(o + 36))?
2
Let m = -246 - -290. Suppose m*y - 15447 = 25*y. What is the hundreds digit of y?
8
Suppose -3*c + 12 = y, -2*c + y - 20 = -7*c. What is the tens digit of 9690/238 + c/14?
4
Let n = -13746 - -28842. What is the thousands digit of n?
5
Suppose k = 4*w + 158 + 151, -66 = w - 4*k. What is the tens digit of 2/(4/(-23))*2184/w?
2
Let a = -5468 + 12014. What is the hundreds digit of a?
5
What is the hundreds digit of (1114/(-3))/((-21)/((-6552)/(-16)))?
2
Let c(y) be the first derivative of y**4/4 - y**3 - 6*y**2 + 5*y - 36. What is the units digit of c(6)?
1
What is the thousands digit of ((6 - 307) + -11 + 3)*-17?
5
Suppose -87564 = -3*n + 4*i, 0 = 106*n - 107*n - i + 29188. What is the hundreds digit of n?
1
Let o(r) = -r**3 - 15*r**2 - 29*r - 18. Let z be o(-15). Suppose -5*l + 734 = -2*f - z, -f + 226 = l. What is the hundreds digit of l?
2
Suppose -11*f + 80 = -3*f. Let g(v) = 23*v - 12. What is the units digit of g(f)?
8
Let q = -557721 + 380236. What is the units digit of q/(-665) + (-2)/(-19)?
7
Let i = -439 + 442. Suppose -4*g - 5*h + 1843 = -3466, -h = i*g - 3979. What is the hundreds digit of g?
3
Let m = -663 + 605. What is the tens digit of (m - -739)*(-2)/(-6)?
2
Suppose -105054 - 23391 - 66477 = -102*p. What is the tens digit of p?
1
Let j = -14721 + 25250. What is the tens digit of j?
2
Let c(d) = -4*d + 14. Let l be 4/(6/3 + 0). Suppose -l = -f - 15. What is the units digit of c(f)?
6
Let r(g) = -g**2 + 21*g - 35. Let f be r(19). Let v(m) = 2*m - 1 - 3*m - m**3 - m**2 + 7*m**f + 4*m. What is the tens digit of v(2)?
4
Let l(r) = r + 15. Let n be l(-10). Suppose -n*h + 16 = 1. Suppose 0 = h*t + 2*b - 174, -t + 2*b + 66 = -0*b. What is the tens digit of t?
6
Suppose -x + c + 5408 = -5060, -5*x - 2*c + 52326 = 0. What is the thousands digit of x?
0
What is the hundreds digit of ((3*7/(-21))/(-2))/(1/71626)?
8
Suppose 450*l + 368907 = 483*l. What is the tens digit of l?
7
Suppose 15*n - 28168 = 35327. Suppose 9*j - n = 6*j. What is the tens digit of j?
1
Let y be ((-14)/10)/((-48)/15 + 3). What is the hundreds digit of (126/12)/y + (-783)/(-2)?
3
What is the units digit of (1 - (-10)/(-15))*17*(492 + -3)?
1
Let h = -252 - -121. Let r = 776 - 572. Let x = r + h. What is the tens digit of x?
7
Let q(x) be the first derivative of -x**4/4 - 20*x**3/3 + 29*x**2/2 - 3*x + 29. What is the units digit of q(-22)?
7
Suppose 5*p + 348 - 2018 = 0. Let q be (-45)/30*(-4)/6*-161. Let v = p + q. What is the hundreds digit of v?
1
What is the tens digit of (154 - 269)*(-134)/4*(1 - -3)?
1
Suppose -15 = -x - 12. Suppose u + 2045 = x*t - t, -3*t + 4*u = -3075. What is the units digit of t?
1
Let d(r) = 5*r + 31*r + 37*r - 16*r + 13 + 3*r**2. Let j be d(-19). Suppose -612 = -j*k + 9*k. What is the tens digit of k?
5
Suppose -3*y - 15504 = -24*t + 23*t, -y = -t + 15506. What is the tens digit of t?
0
Suppose -74*p + 36 = -83*p. What is the hundreds digit of p/(-26) + (-58845)/(-39)?
5
Let q = 9 - 4. Suppose y - q*y = -1684. Let l = y + -235. What is the hundreds digit of l?
1
Let n(u) = 0 - 3 - 4*u - 2*u - 7*u. Let o be n(3). Let k = o + 91. What is the tens digit of k?
4
Suppose 12 = 12*r - 192. Let w be 4 + -1 + -7 + r. Suppose w*o - 1253 = 502. What is the units digit of o?
5
Suppose 677110 = -4*q + 74*q. What is the hundreds digit of q?
6
Let u be (-2)/(-2)*(10 + -8 + 3). Suppose -u*w + 635 = 180. What is the tens digit of w?
9
Suppose 4*i - 2*f = 35582, 21*i - 44485 = 16*i + 4*f. What is the hundreds digit of i?
8
Let o be (-4)/26 + (-2898)/598. Let m(y) = -3*y**3 + 3*y**2 - 5*y + 6. What is the tens digit of m(o)?
8
Let l(v) = -9*v**3 + 9*v**2 - 55*v - 390. What is the thousands digit of l(-6)?
2
Let l = 2299 + 2315. What is the units digit of l?
4
What is the units digit of (1953182/55)/14 - 2/(-5)?
7
Let d be ((-1)/(-2))/(16/480). What is the tens digit of 1 + d*(-12)/(-9)?
2
Let t be ((-24)/21 - -2)/(6/42). What is the hundreds digit of (-4 - t)/5 - -722?
7
Let i(d) = d**3 - 24*d**2 + 25*d - 42. Let o be i(23). Suppose -5*k = 5*w - 2005, -o*k + 0*k - 16 = 0. What is the units digit of w?
5
Let l(w) = 49*w - 70. Let i(q) = -16*q + 23. Let a(x) = 14*i(x) + 5*l(x). Let d be a(8). What is the tens digit of (-126)/35*d/(-6)?
8
Suppose 0 = -207*a + 303403 + 797630. What is the units digit of a?
9
Let m be 387/(-27) + 2/6. Let r(k) = -9*k + 16. Let t be r(m). Let d = t - 82. What is the tens digit of d?
6
Let m(q) = -4*q + 50. Let n be (-3)/(-12) + (-330)/(-24). Let u be m(n). Let j(l) = 6*l**2 + 8*l - 16. What is the tens digit of j(u)?
5
Suppose -8*l - 3 = -9*l. Suppose 4*a - l*j = -0*j, j = -5*a. What is the units digit of 1436/20 - a - (-1)/5?
2
Suppose 46 = -j - 4*p, -39*p + 15 = -42*p. What is the units digit of j/104 + (-3)/4 + 15?
4
Suppose 2*w - 3*h = -h - 84, -2*h - 10 = 0. Let v = w - 25. Let f = v + 118. What is the tens digit of f?
4
Let i = 5755 + 434. Suppose 6936 + i = 7*j. What is the hundreds digit of j?
8
Let i(m) = 62*m + 7. Let q(a) = 61*a + 8. Let u(l) = 6*i(l) - 5*q(l). Let g = -193 - -194. What is the tens digit of u(g)?
6
Let u be 16/3 - 5/15. Suppose u*n + 5*c = -25, 2*n + 5*c + 35 = 10. What is the tens digit of (n - (-24)/9)*(-33)/(-4)?
2
Let i(u) = 8*u**2 + 5*u - 5. Let m(s) = 25*s**2 + 15*s - 16. Let l(p) = 14*i(p) - 4*m(p). What is the tens digit of l(-7)?
1
Let g be (7 - 7) + -1*4. Let m be 8 + g + 1 - 1. What is the units digit of (-4)/(m/(-157)) - (-7 + 10)?
4
Let t(v) = -9*v**3 + 13*v**2 + 13*v + 2. Let u be t(-2). Suppose 4 + 168 = -4*z. Let n = u + z. What is the tens digit of n?
5
What is the hundreds digit of (-333 + 3)/(-1)*(4 - (-42)/3)?
9
What is the tens digit of (-17 - 0)/(69065/11514 - 30/5)?
0
Suppose -5*m + 4*g = -14, -5*m - 4*g = g - 5. Suppose -m*p + f = 5*f, 4*p + 4*f + 4 = 0. What is the units digit of 125 - p/(-3 - -2)?
3
Suppose -2*j + 20*j + 143972 = 543770. What is the units digit of j?
1
Let f = 78 + -77. Let h be (53/(6 + -5))/(f/4). Suppose -p + h = q, -p = 5*q - 3*p - 1025. What is the units digit of q?
7
Let g(w) = 4306*w - 2321. What is the thousands digit of g(12)?
9
What is the units digit of -1335*(0 + ((-144)/3 - (6 + 3)))?
5
Let f(p) = p + 20. Let y be f(-18). Suppose y*b = -17 - 39. What is the units digit of (0 - 2)*b/8?
7
Suppose 3*i = 4*i - 258. Suppose h - 134 = k, 2*h + k + 2*k - i = 0. Suppose -2*u - 2*d + 5*d = -242, -4*d + h = u. What is the units digit of u?
4
Let u = 51468 - 36495. What is the ten thousands digit of u?
1
Let l be (3 + 1 - 1) + -6 + -2345. Let u = -1604 - l. What is the tens digit of u?
4
What is the units digit of 16301/6 + (-23)/(-138)?
7
Let u(s) = 34*s - 2. Let c be u(3). Let l = 352 + -349. Suppose g - c = -g - 5*j, -l*g + 137 = j. What is the units digit of g?
5
Let j = -263 - -264. Let o = -16 + 73. What is the tens digit of j - -3 - (-12 - o)?
7
Let f(x) = 40*x**2 - 5*x**2 - 18 + 6*x - 11*x**2 - 19. What is the hundreds digit of f(4)?
3
Suppose -2*x + 6 = -4. Suppose 17*z = 22*z + x. What is the units digit of 121 - -9 - (z + (1 - 1))?
1
Let k = 29 - 13. Let o be (12/k)/((-3)/86)*-2. Suppose -3*g + 55 = o. What is the units digit of g?
4
Let r be (-4 + 2)/((-7)/(-21)). Let q be (-455)/6 + 1/r. Let x = q - -94. What is the tens digit of x?
1
Let f = 25933 - 6488. What is the hundreds digit of f?
4
Let w(q) = -335*q**2 + 2*q + 1. Let r be w(-1). What is the hundreds digit of 4 + -2 + (4/1 - r)?
3
Let r = 15070 - -15374. What is the tens digit of r?
4
Suppose 5*m + u - 17720 = 0, 3*m - 9*u = -6*u + 10614. What is the thousands digit of m?
3
Let l be 18/(-12)*-4 + (5 - 7). Suppose 4040 = 2*q + 4*o, 2*q - q + l*o = 2022. What is the units digit of q?
8
Suppose -74*a + 310992 + 199756 = 0. What is the tens digit of a?
0
What is the thousands digit of 7*(-3)/9*(-4 - 443)?
1
Suppose 0 = -72*w + 78*w + 36. Let l = w - -109. What is the units digit of l?
3
Let b(m) = 1344*m**2 + 116*m + 357. What is the thousands digit of b(-3)?
2
Suppose 1322 = 2*d - n, 3*d + 2*n = -0*d + 1997. Suppose -4*i = -i - d. What is the hu